ime number?
True
Is 2657441 prime?
False
Is 1612182835 composite?
True
Is 217517591 a prime number?
True
Is 833051 composite?
True
Is 210815093 prime?
True
Is 325438053 prime?
False
Is 222982393 a prime number?
True
Is 196063243 a composite number?
False
Is 1319265647 prime?
False
Is 62355431 prime?
True
Is 9143879 prime?
False
Is 12756151 a composite number?
False
Is 5906077 a composite number?
True
Is 381461 composite?
False
Is 17533391 a composite number?
False
Is 235403681 a composite number?
False
Is 212418741 composite?
True
Is 129527659 prime?
False
Is 5172851 a composite number?
False
Is 541107361 composite?
True
Is 39822929 a composite number?
False
Is 20150965 a composite number?
True
Is 269338483 prime?
False
Is 6318653 composite?
True
Is 637705 a prime number?
False
Is 16723621 prime?
True
Is 54001931 a composite number?
False
Is 3953099 a prime number?
False
Is 1748291 a composite number?
False
Is 34682387 composite?
True
Is 1047161 a composite number?
True
Is 8481269 a prime number?
True
Is 32104957 prime?
True
Is 4213277 a composite number?
False
Is 793297 prime?
True
Is 67898789 a composite number?
True
Is 437597 a prime number?
False
Is 42950863 a composite number?
False
Is 350569 composite?
True
Is 39099413 a prime number?
True
Is 262855297 a composite number?
False
Is 5364107 a prime number?
False
Is 3513901 a composite number?
True
Is 25941737 a composite number?
False
Is 44214373 composite?
True
Is 18155389 composite?
True
Is 191155427 prime?
True
Is 52333433 prime?
True
Is 82979711 prime?
True
Is 87185081 composite?
False
Is 7747711 prime?
False
Is 35944829 prime?
False
Is 73983095 a composite number?
True
Is 340631 composite?
True
Is 4925573 prime?
True
Is 263677177 a composite number?
True
Is 18627697 a composite number?
True
Is 12725803 a composite number?
True
Is 3659567 composite?
False
Is 22498471 a prime number?
False
Is 6070529 a composite number?
False
Is 2789089 composite?
False
Is 5474519 composite?
False
Is 132187927 prime?
True
Is 752778759 a prime number?
False
Is 1804303 composite?
False
Is 4826933 a composite number?
False
Is 115643377 composite?
False
Is 119525941 a prime number?
False
Is 41450014 a composite number?
True
Is 19470482 a prime number?
False
Is 61421903 a prime number?
False
Is 2064077 prime?
True
Is 15531689 a composite number?
False
Is 43786111 a composite number?
False
Is 3997181 a prime number?
True
Is 7587759 composite?
True
Is 1458781 prime?
False
Is 387827695 a prime number?
False
Is 59726669 a composite number?
False
Is 356803 a composite number?
False
Is 658061 a prime number?
False
Is 21497747 composite?
True
Is 6846037 a prime number?
False
Is 1738259 a prime number?
False
Is 29728757 a composite number?
False
Is 629983553 composite?
False
Is 2222827 composite?
True
Is 766531 a composite number?
False
Is 208187677 prime?
False
Is 401059279 composite?
True
Is 34113823 a composite number?
True
Is 743573 a prime number?
True
Is 6203569 prime?
False
Is 743881 a composite number?
False
Is 37572517 composite?
True
Is 530566797 a composite number?
True
Is 1284983 prime?
False
Is 849801 a prime number?
False
Is 572513 a composite number?
True
Is 20234899 prime?
True
Is 11567197 a prime number?
False
Is 21892267 a composite number?
False
Is 5864489 a composite number?
False
Is 21649307 composite?
False
Is 15658345 a composite number?
True
Is 124240873 composite?
False
Is 3024481 a prime number?
True
Is 389066653 composite?
True
Is 296668601 prime?
False
Is 262481 composite?
True
Is 7353839 composite?
False
Is 4751687 a prime number?
False
Is 63728003 composite?
True
Is 120030979 prime?
True
Is 2317831 a prime number?
False
Is 11353345 a composite number?
True
Is 1860277 a prime number?
True
Is 135541799 prime?
False
Is 24789047 a composite number?
False
Is 13499 a composite number?
False
Is 962537 prime?
True
Is 7890931 prime?
False
Is 5776633 composite?
True
Is 2171915 prime?
False
Is 3115711 composite?
True
Is 12134737 prime?
True
Is 17094799 prime?
True
Is 7945481 a composite number?
False
Is 3503014 composite?
True
Is 2781887 composite?
False
Is 294211667 composite?
True
Is 120023797 prime?
True
Is 88639537 composite?
True
Is 7916695 prime?
False
Is 149293523 a prime number?
True
Is 5325983 composite?
True
Is 3082393 prime?
True
Is 93897521 a prime number?
True
Is 8023739 a composite number?
False
Is 82167869 a composite number?
True
Is 15322907 a composite number?
False
Is 16446671 a prime number?
True
Is 4493353 composite?
False
Is 14689303 a composite number?
False
Is 1330001 prime?
True
Is 5928899 composite?
False
Is 42976729 a composite number?
False
Is 423862247 a composite number?
False
Is 13685159 a composite number?
False
Is 108413843 a prime number?
True
Is 2565655 composite?
True
Is 1202711 prime?
False
Is 3079987 composite?
False
Is 209015783 a composite number?
True
Is 186021931 a prime number?
True
Is 162584701 composite?
True
Is 85846681 a prime number?
False
Is 1105529 a prime number?
False
Is 3837934 prime?
False
Is 182313133 a prime number?
True
Is 126160154 a prime number?
False
Is 2914469 a composite number?
True
Is 33364673 composite?
True
Is 557197 composite?
False
Is 368317 composite?
True
Is 85717 a composite number?
False
Is 5267591 a prime number?
False
Is 480378451 a prime number?
False
Is 1081609 a prime number?
False
Is 2156713 a composite number?
True
Is 6670113 prime?
False
Is 3377923 composite?
False
Is 165640283 a composite number?
False
Is 27140741 prime?
True
Is 8673271 a prime number?
True
Is 82980251 a prime number?
False
Is 4897481 a composite number?
True
Is 49185737 composite?
True
Is 56160767 a composite number?
True
Is 7669231 composite?
False
Is 44487314 a prime number?
False
Is 15346951 a composite number?
False
Is 12286553 composite?
True
Is 9427567 a prime number?
True
Is 17063853 a prime number?
False
Is 22932937 composite?
True
Is 9186557 prime?
False
Is 5817419 a prime number?
False
Is 35729 a composite number?
False
Is 44900179 a composite number?
True
Is 21286231 prime?
False
Is 5453671 a prime number?
False
Is 104425793 a prime number?
True
Is 3841855 a composite number?
True
Is 69435529 a prime number?
True
Is 27656209 prime?
False
Is 410857 a prime number?
True
Is 21591983 prime?
False
Is 48477479 prime?
True
Is 534773 prime?
False
Is 27061379 prime?
False
Is 12473479 prime?
True
Is 9774593 a prime number?
False
Is 60223243 a prime number?
True
Is 996286403 a composite number?
True
Is 1790149 prime?
True
Is 54455597 composite?
True
Is 740735 prime?
False
Is 9991433 a composite number?
False
Is 43340369 a prime number?
True
Is 119090507 a prime number?
True
Is 15589667 a composite number?
False
Is 15396061 a composite number?
True
Is 9522365 composite?
True
Is 9164587 prime?
True
Is 3693113 prime?
True
Is 18839 composite?
False
Is 20892491 a prime number?
True
Is 187906119 prime?
False
Is 458558761 prime?
False
Is 263063091 a prime number?
False
Is 2837459 composite?
False
Is 3110829 prime?
False
Is 2096999 composite?
True
Is 78769 prime?
False
Is 151649677 a composite number?
False
Is 10267549 composite?
True
Is 19464289 a prime number?
False
Is 9518053 a prime number?
True
Is 175488889 composite?
True
Is 1847023 prime?
True
Is 145946 prime?
False
Is 1266511 composite?
False
Is 1026643 a prime number?
False
Is 39477677 prime?
True
Is 40127819 composite?
True
Is 659887 prime?
False
Is 10211 a composite number?
False
Is 252583 composite?
False
Is 4531049 a composite number?
False
Is 5914717 prime?
True
Is 2528161 a prime number?
True
Is 9570421 composite?
True
Is 115238902 prime?
False
Is 101963 composite?
False
Is 52040371 a composite number?
False
Is 39445823 a prime number?
True
Is 98762033 prime?
True
Is 3137597 a prime number?
False
Is 36519137 a prime number?
True
Is 1878259 composite?
True
Is 3646817 composite?
False
Is 514561 prime?
True
Is 16413301 a composite number?
True
Is 150156005 prime?
False
Is 2943503 a prime number?
True
Is 1326870137 composite?
False
Is 9334519 a composite number?
True
Is 8912581 prime?
False
Is 178398193 a composite number?
False
Is 15217171 prime?
True
Is 39612007 composite?
True
Is 28847677 a prime number?
True
Is 188875054 composite?
True
Is 2960957 a prime number?
True
Is 8314771 prime?
Tr